063?
0
What is the thousands digit of 6078?
6
What is the thousands digit of 6147?
6
What is the hundreds digit of 425?
4
What is the thousands digit of 6836?
6
What is the units digit of 96?
6
What is the ten thousands digit of 29000?
2
What is the units digit of 6?
6
What is the thousands digit of 32907?
2
What is the ten thousands digit of 38839?
3
What is the hundreds digit of 8017?
0
What is the hundreds digit of 9808?
8
What is the tens digit of 10729?
2
What is the ten thousands digit of 86746?
8
What is the ten thousands digit of 12183?
1
What is the ten thousands digit of 38283?
3
What is the thousands digit of 4748?
4
What is the thousands digit of 18284?
8
What is the ten thousands digit of 19971?
1
What is the hundreds digit of 612?
6
What is the tens digit of 6748?
4
What is the tens digit of 88792?
9
What is the thousands digit of 1660?
1
What is the tens digit of 34042?
4
What is the hundred thousands digit of 143546?
1
What is the hundreds digit of 14870?
8
What is the tens digit of 8562?
6
What is the units digit of 9612?
2
What is the thousands digit of 1637?
1
What is the units digit of 4309?
9
What is the tens digit of 13?
1
What is the hundreds digit of 1952?
9
What is the tens digit of 90133?
3
What is the thousands digit of 122183?
2
What is the units digit of 22342?
2
What is the tens digit of 9914?
1
What is the thousands digit of 11809?
1
What is the units digit of 339?
9
What is the tens digit of 448?
4
What is the hundreds digit of 2429?
4
What is the thousands digit of 7966?
7
What is the units digit of 1029?
9
What is the tens digit of 853?
5
What is the tens digit of 76?
7
What is the hundreds digit of 1495?
4
What is the tens digit of 162?
6
What is the tens digit of 9440?
4
What is the units digit of 17173?
3
What is the tens digit of 9612?
1
What is the tens digit of 11586?
8
What is the tens digit of 3729?
2
What is the tens digit of 600?
0
What is the tens digit of 113?
1
What is the tens digit of 564?
6
What is the ten thousands digit of 11120?
1
What is the thousands digit of 158661?
8
What is the ten thousands digit of 81062?
8
What is the ten thousands digit of 20716?
2
What is the tens digit of 103409?
0
What is the ten thousands digit of 43994?
4
What is the ten thousands digit of 63310?
6
What is the hundreds digit of 492?
4
What is the tens digit of 65970?
7
What is the hundreds digit of 2427?
4
What is the units digit of 253?
3
What is the units digit of 45291?
1
What is the units digit of 4933?
3
What is the tens digit of 1103?
0
What is the units digit of 8896?
6
What is the thousands digit of 26472?
6
What is the tens digit of 6880?
8
What is the hundreds digit of 15708?
7
What is the units digit of 51001?
1
What is the tens digit of 18219?
1
What is the units digit of 946?
6
What is the units digit of 937?
7
What is the hundreds digit of 6986?
9
What is the hundreds digit of 4097?
0
What is the units digit of 15015?
5
What is the thousands digit of 18584?
8
What is the ten thousands digit of 11276?
1
What is the ten thousands digit of 99351?
9
What is the units digit of 2013?
3
What is the ten thousands digit of 14233?
1
What is the hundreds digit of 3839?
8
What is the tens digit of 5309?
0
What is the tens digit of 6683?
8
What is the thousands digit of 5077?
5
What is the hundreds digit of 104118?
1
What is the ten thousands digit of 32772?
3
What is the hundreds digit of 665?
6
What is the tens digit of 1543?
4
What is the tens digit of 9625?
2
What is the tens digit of 655?
5
What is the units digit of 903?
3
What is the units digit of 2504?
4
What is the ten thousands digit of 14156?
1
What is the thousands digit of 128193?
8
What is the tens digit of 1478?
7
What is the thousands digit of 10667?
0
What is the units digit of 1017?
7
What is the hundreds digit of 17085?
0
What is the tens digit of 4596?
9
What is the hundreds digit of 7982?
9
What is the units digit of 605?
5
What is the units digit of 1276?
6
What is the hundreds digit of 5560?
5
What is the tens digit of 19058?
5
What is the hundreds digit of 1605?
6
What is the tens digit of 23244?
4
What is the hundreds digit of 1665?
6
What is the thousands digit of 49075?
9
What is the thousands digit of 2300?
2
What is the ten thousands digit of 141727?
4
What is the units digit of 185561?
1
What is the hundreds digit of 238?
2
What is the tens digit of 35988?
8
What is the thousands digit of 4875?
4
What is the units digit of 22832?
2
What is the tens digit of 22778?
7
What is the tens digit of 9494?
9
What is the units digit of 417?
7
What is the tens digit of 923?
2
What is the hundreds digit of 5390?
3
What is the thousands digit of 42805?
2
What is the hundreds digit of 313?
3
What is the hundreds digit of 10759?
7
What is the hundreds digit of 1029?
0
What is the units digit of 775?
5
What is the thousands digit of 11414?
1
What is the hundreds digit of 1038?
0
What is the units digit of 1333?
3
What is the hundreds digit of 3042?
0
What is the hundreds digit of 3954?
9
What is the hundreds digit of 24434?
4
What is the units digit of 63?
3
What is the hundreds digit of 30845?
8
What is the units digit of 98444?
4
What is the units digit of 3280?
0
What is the units digit of 87661?
1
What is the hundreds digit of 122?
1
What is the hundreds digit of 12743?
7
What is the thousands digit of 22552?
2
What is the tens digit of 13241?
4
What is the thousands digit of 1702?
1
What is the tens digit of 8047?
4
What is the ten thousands digit of 14822?
1
What is the hundreds digit of 623?
6
What is the thousands digit of 4383?
4
What is the tens digit of 13750?
5
What is the units digit of 1952?
2
What is the ten thousands digit of 30936?
3
What is the tens digit of 4374?
7
What is the hundreds digit of 75515?
5
What is the thousands digit of 1526?
1
What is the hundreds digit of 1220?
2
What is the units digit of 6727?
7
What is the tens digit of 4774?
7
What is the units digit of 14309?
9
What is the tens digit of 1756?
5
What is the hundreds digit of 2200?
2
What is the tens digit of 314?
1
What is the units digit of 16855?
5
What is the hundreds digit of 758?
7
What is the ten thousands digit of 138467?
3
What is the tens digit of 49033?
3
What is the tens digit of 2187?
8
What is the thousands digit of 9321?
9
What is the ten thousands digit of 178868?
7
What is the thousands digit of 29312?
9
What is the units digit of 560?
0
What is the thousands digit of 3875?
3
What is the tens digit of 1895?
9
What is the thousands digit of 4059?
4
What is the units digit of 12956?
6
What is the units digit of 1311?
1
What is the hundreds digit of 144012?
0
What is the tens digit of 1111?
1
What is the hundreds digit of 713?
7
What is the tens digit of 5304?
0
What is the hundreds digit of 43287?
2
What is the ten thousands digit of 33650?
3
What is the units digit of 432?
2
What is the tens digit of 2713?
1
What is the ten thousands digit of 161021?
6
What is the thousands digit of 1894?
1
What is the tens digit of 8611?
1
What is the units digit of 72959?
9
What is the hundreds digit of 8086?
0
What is the thousands digit of 5191?
5
What is the tens digit of 259?
5
What is the tens digit of 1428?
2
What is the hundred thousands digit of 152579?
1
What is the hundreds digit of 39263?
2
What is the thousands digit of 7888?
7
What is the tens digit of 3332?
3
What is the units digit of 663?
3
What is the tens digit of 461?
6
What is the tens digit of 5295?
9
What is the thousands digit of 1639?
1
What is the tens digit of 2935?
3
What is the hundred thousands digit of 136482?
1
What is the tens digit of 49?
4
What is the tens digit of 60518?
1
What is the ten thousands digit of 136874?
3
What is the tens digit of 10908?
0
What is the thousands digit of 14206?
4
What is the tens digit of 8281?
8
What is the hundreds digit of 6966?
9
What is the units digit of 29042?
2
What is the thousands digit of 9536?
9
What is the tens digit of 2019?
1
What is the ten thousands digit of 181868?
8
What is the thousands digit of 8663?
8
What is the thousands digit of 1257?
1
What is the units digit of 78061?
1
What is the hundreds digit of 1966?
9
What is the thousands digit of 9423?
9
What is the hundreds digit of 146?
1
What is the units digit of 153?
